mainder when 9 is divided by s.
4
Suppose 0 = 3*h - 4*h + 19. Suppose -5*f = -l + 2*l + 12, -15 = -5*l. Let b(t) = t**3 + 3*t**2 - 4*t - 2. What is the remainder when h is divided by b(f)?
9
Let o be 360/25*30/4. Suppose 0 = -4*n + 8*n - o. Calculate the remainder when n is divided by 15.
12
Let w = 73 + -47. Calculate the remainder when 127 is divided by w.
23
Let k(w) = -2*w + 42. What is the remainder when 87 is divided by k(9)?
15
Let f be (-352)/(-20) + (-9)/15. Suppose -5*i - f + 102 = 0. What is the remainder when 48 is divided by i?
14
Let i = -40 - -74. Calculate the remainder when 133 is divided by i.
31
Suppose -5*m + 289 = 2*b, 0 = -5*b - 5 + 15. Let c = m + -30. Calculate the remainder when c is divided by 7.
6
Let g(b) = -b**2 - 4*b + 2. Let i be g(-4). Let x(d) = -d**3 + 4*d**2 - 2*d - 1. What is the remainder when 8 is divided by x(i)?
2
Suppose -20*u = -16*u - 92. Calculate the remainder when 85 is divided by u.
16
Let j(q) be the third derivative of -q**5/60 - 5*q**4/12 + q**3 - 8*q**2. What is the remainder when j(-5) is divided by 11?
9
Let b(v) = -v**2 + 8*v + 2. Suppose 7 - 1 = -2*x. Let u = x - -5. What is the remainder when b(8) is divided by u?
0
Let t(p) = 0 + 10*p**3 + 6*p**2 - 11*p**3 - 6 + 1 + 10*p. Calculate the remainder when 29 is divided by t(7).
13
Calculate the remainder when (-1)/(((-44)/(-200))/(-11)) is divided by 26.
24
Suppose -2*h + 13 + 1 = 0. Let m(y) = -7*y - 4 + y**2 + y**2 - y. What is the remainder when m(6) is divided by h?
6
Let q = -36 - -40. What is the remainder when 19 is divided by q?
3
Let o(u) = 25*u**2 + u - 1. Let r(g) = 25*g**2 + g - 1. Let h(b) = -4*o(b) + 5*r(b). What is the remainder when h(1) is divided by 14?
11
Suppose 0*a - 6 = -a. Suppose 2*m = 5*m - 66. What is the remainder when m is divided by a?
4
Let c(q) = q**3 + 13*q**2 + 6*q - 1. Suppose 3*s - 4*w - 70 = 0, 2*w + 52 = 4*s + 7*w. What is the remainder when c(-12) is divided by s?
17
Suppose -5*t + 314 = -5*m - 216, 2*t + 2*m - 208 = 0. What is the remainder when t is divided by 27?
24
Let m(k) = 14*k - 3. Let s be m(3). Suppose 5*r + s = -4*u - 5, 5*r = -3*u - 43. Let g = r + 15. What is the remainder when 13 is divided by g?
6
Suppose -w - 13 = -l + 3*w, -5*w + 94 = 4*l. Calculate the remainder when 72 is divided by l.
9
Suppose -100 = 5*g - 10*g. What is the remainder when g is divided by 6?
2
Let a(k) = -6*k. Suppose 5*y = -z - 8, 3*z = -0*z + y + 24. What is the remainder when a(-2) is divided by z?
5
What is the remainder when 47 is divided by (4/10 + 128/(-120))*-36?
23
Suppose -4*l + 242 = 2*b, -4*l = -b + 2*b - 123. Calculate the remainder when b is divided by 42.
35
Suppose 2*v - 130 = -3*v. Suppose -9 = n - v. What is the remainder when 32 is divided by n?
15
Suppose 0 = -2*v + 10 - 26. Let k = v + 21. What is the remainder when 24 is divided by k?
11
Suppose 5*c + 15 = 3*g - 2*g, 2*g + 6 = c. Let s be 5/25 + 51/g. Calculate the remainder when (68/s)/((-4)/20) is divided by 12.
10
Let y = 1125 - 1093. Calculate the remainder when y is divided by ((-3)/2)/(2/(-16)).
8
What is the remainder when (9/(-2))/(3/(-8)) is divided by 2/(-4) + 30/4?
5
Let w be -3 + 1 - (-1 - 4). Let h = 5 + -1. Calculate the remainder when h is divided by (-6)/(-2)*(-2 + w).
1
Suppose 6*y - y + 15 = 0. Suppose 4*v - 11 = 3*d, -v - 29 = 3*v + 5*d. What is the remainder when 7 is divided by -2*((y - -2) + v)?
3
What is the remainder when ((-6)/(-8))/(6/312) is divided by (2/6)/((-7)/(-294))?
11
Let n = -11 - -12. Calculate the remainder when 664/20 - n/5 is divided by 18.
15
Suppose -8*z + 54 + 2 = 0. Suppose -4*r + r + 15 = 0. What is the remainder when z is divided by r?
2
Suppose -5*d = -26 - 19. Suppose g + w - d = 2*w, -2*g - w = -21. Calculate the remainder when 18 is divided by g.
8
Suppose -w = 0, 2*t + 11 = 3*t + w. Calculate the remainder when 72 is divided by t.
6
Let j(f) = 10*f**3 + 2*f - 2. What is the remainder when 36 is divided by j(1)?
6
Let c = -9 + 14. Suppose q + 2*y - 34 = 0, 0 = q + c*y - 15 - 19. What is the remainder when q is divided by 12?
10
Let x be 5/(-25) - (-42)/10. Suppose 2*i - x*r = 58, -i - 5*r + 36 = -0*i. Calculate the remainder when i is divided by 11.
9
Suppose 3*i = 2*i + 8. Let n(z) = z**2 - z + 2. What is the remainder when 115/20 - (-2)/i is divided by n(2)?
2
Suppose -10*v + 3*w + 4 = -6*v, -5*w = -20. Calculate the remainder when 13 is divided by v.
1
Suppose 4*g = 29 + 7. Suppose -3*c - 2*c = 4*o + 3, 4*c - 4*o - 12 = 0. Calculate the remainder when -3*c/(-6)*32 is divided by g.
7
Let m(y) = -2*y + 3. Calculate the remainder when m(-9) is divided by 6.
3
Calculate the remainder when 139/5 - 2/(-10) is divided by 6.
4
Let g = 37 - 16. Suppose 3*z + 4*w = 37, 3*w - 59 = -5*z - w. What is the remainder when g is divided by z?
10
Suppose -2*q = t - 3*q - 8, -q = 4*t - 12. Suppose g = -t*y - 26, -2 + 4 = g. Let k = y + 18. Calculate the remainder when 31 is divided by k.
9
Let b(p) = 5*p - 4*p + 10*p**3 + 9*p**3 - p**2. Let m be b(1). Suppose 3*v - m = -2*k - 2*k, -3 = -k + v. Calculate the remainder when 7 is divided by k.
3
Suppose -4*v - v = 15. What is the remainder when 20 - 9 - (v - 0) is divided by 5?
4
Let k = -120 + 159. What is the remainder when 76 is divided by k?
37
Suppose 5*t = -l + 5, -6*t + t + 15 = 2*l. What is the remainder when 38 is divided by l?
8
Suppose 4*z + 5*k + 12 = 0, -4 = 2*k - k. Suppose o - 27 = -3*t, -2*t + t - 33 = -z*o. Let f = -47 + 81. Calculate the remainder when f is divided by o.
16
Let y = -2 - -9. Let j = -2 + y. What is the remainder when j is divided by 3?
2
Suppose u = -2*u + 21. Suppose 0 = 3*h - u*h + 20. What is the remainder when 17 is divided by h?
2
Suppose 0 = k - w - 3*w - 25, w = 4*k - 25. Suppose -9 = -k*o + 106. What is the remainder when 67 is divided by o?
21
Let y = -12 - -18. What is the remainder when 14 is divided by y?
2
Suppose s - 72 = -s. What is the remainder when s is divided by 13?
10
Let g be 10/(-15) - 28/3. Let f = g + 5. Let p = f - -29. What is the remainder when p is divided by 13?
11
Let p = -1 + 26. What is the remainder when p is divided by ((-12)/8)/((-1)/6)?
7
Let s(j) = -1 + 2 - 1 - j. Calculate the remainder when s(-8) is divided by 3.
2
Suppose 0 = s + 3*a, -2*s + 4*a = -12 - 8. Suppose -s*l - 116 = -8*l. Calculate the remainder when l is divided by 15.
13
Suppose 3*z = m - 40, -m - z - z + 25 = 0. Let l(f) = -2*f**3 - 2*f**2 + f - 2. Calculate the remainder when l(-4) is divided by m.
28
Let n(k) = -k**3 + 7*k**2 - 6*k + 5. Let t be n(6). Let w = t - -7. What is the remainder when 23 is divided by w?
11
Let c = -6 - -14. Calculate the remainder when c*((-2)/8 - -3) is divided by 8.
6
Let u be 0/((-5)/((-15)/6)). Suppose -3*o - 4 - 5 = u, 0 = 2*m + 2*o + 2. What is the remainder when 2 is divided by m - 1*(2 - 1)?
0
Suppose 11 + 9 = 5*k. Suppose 7*i = 6*i + 3. Calculate the remainder when k is divided by i.
1
Let y = 64 + -31. Calculate the remainder when y is divided by 12.
9
Let k be -2 + -4*6/(-4). Let d be 2/5*25/5. Suppose -d*s - r = -k, 1 + 3 = 2*s + 2*r. What is the remainder when s is divided by 1?
0
Let d = 17 + 36. What is the remainder when d is divided by 20 - -1*4/(-2)?
17
Let a = -8 - -12. Let z(f) = f**3 - 2*f**2 - 2*f + 5. Calculate the remainder when z(a) is divided by 8.
5
Let x(a) = -2*a + 1. Let v = 47 - 20. Suppose n - 21 = -3*m, 2 = -5*m + v. Calculate the remainder when x(-5) is divided by n.
5
Suppose 20 = -3*a - 4. Let m = -6 - a. Suppose -m*k + 9 = -9. What is the remainder when 26 is divided by k?
8
Let s be 52/(-6) + 2/(-6). Calculate the remainder when -6*(1 - s/(-6)) is divided by 3.
0
Suppose 0 = 3*n - 4*u + u - 9, -3*u + 27 = 3*n. Let i be -2 - 3/6*n. Let w = i + 18. What is the remainder when 49 is divided by w?
10
Suppose 0 = -13*x + 11*x + 44. Calculate the remainder when 39 is divided by x.
17
Let k(t) = t**2 - 4*t + 3. Let d be k(4). Suppose a + d*a + 8 = 0. Calculate the remainder when ((-2 - 36)*1)/a is divided by 10.
9
Let x = 20 - -5. Let b(f) = f**2 + 11*f - 3. Calculate the remainder when x is divided by b(-12).
7
Suppose -2*b + 9 = t, -5*b + 0*t + 6 = -3*t. Suppose -2*y - b + 15 = 0. Suppose -y*a + 3*a + 39 = 0. Calculate the remainder when 37 is divided by a.
11
What 